e 0 = -h - 3*f + 47, 2*f + f = 0. Let l = 7 + h. What is the units digit of l?
4
Suppose 1253 = -7*k + 9*k + s, 2*s = -6. What is the tens digit of k?
2
What is the tens digit of (29/(-4))/(2/(-80))?
9
Suppose 0 = 33*v - 4799 - 3220. What is the hundreds digit of v?
2
Let c = 1275 + 193. What is the tens digit of c?
6
Suppose -3*b = i - 33, -2*b + 0*b - 4*i = -22. Suppose -15*f + 72 = -b*f. What is the units digit of (6*-1)/(f/(-168))?
6
Let k(v) = 0*v + 11*v**3 + 0*v + v. Suppose 0*z + 2 = 2*z. What is the tens digit of k(z)?
1
Let o = -133 - -124. What is the tens digit of (-1 - o)/((-14)/(-434))?
4
Let p = 8 - -7. Let g = 5 - p. What is the units digit of (-15)/2*g/3?
5
Suppose -2 = -2*u + 6. Let w = 22 - 17. Suppose -7 = -w*m - 0*r - 2*r, 4*m - u*r - 28 = 0. What is the units digit of m?
3
Let i = 51 - 37. Let c = -33 - -67. Let r = c + i. What is the tens digit of r?
4
Suppose -4*r + 0*r = -60. Let y(f) = -f - 1. Let w(u) = -3*u - 6. Let q(z) = r*y(z) - w(z). What is the units digit of q(-3)?
7
Let t(j) = -14*j - 27. Let c be (-12)/18 - 32/6. What is the tens digit of t(c)?
5
Suppose 10*s = 9*s + 1, 0 = -i - 4*s + 454. Suppose -6*t + 4*t + i = 0. What is the tens digit of t?
2
Let q be (-45)/(-25)*(-30)/(-9). What is the tens digit of (-98)/(-3*2/q) + -4?
9
Let y be (18/(-15))/((-33)/1925). Let h(u) = -3*u**2 - 3*u + 2. Let i be h(2). Let s = y + i. What is the tens digit of s?
5
Let d(z) = z**3 + 5*z**2 + 4. Let x be d(-5). Suppose -o - x*o = -65. Suppose -o - 52 = -5*j. What is the units digit of j?
3
What is the hundreds digit of 3752/8 + 1 + 5*1?
4
Let m be (84/(-30))/7 + (-1776)/10. Let d = m - -331. What is the tens digit of d?
5
Let l(j) = -71*j + 234. What is the units digit of l(-26)?
0
Suppose 0 = -5*z + 5, 3*w - 6*w = 4*z - 19. Suppose w*a + 132 = 8*a. What is the tens digit of a?
4
Let c be ((-154)/(-56))/(1/4). Let i be (c + 7)/(6/4). Suppose 0 = 2*x - 70 - i. What is the units digit of x?
1
Let d(s) = s**2 - 7*s + 65. What is the units digit of d(-24)?
9
Let h(t) = 7*t**2 - 10*t - 1. Suppose -3*c + 3*y = c - 6, -2*y = -c - 1. What is the units digit of h(c)?
2
Let v(y) = 16*y - 1 + 4 - 16*y + 5*y**2. What is the tens digit of v(2)?
2
Suppose 3*x - 2*i - 403 = 1276, -4*x + 2234 = 2*i. What is the tens digit of x?
5
Let t(w) = 547*w - 12. What is the hundreds digit of t(1)?
5
Suppose -156*n - 4*f + 1496 = -155*n, 2*n - 2*f = 2942. What is the tens digit of n?
7
Let k(r) = 22 - 4*r**2 - 4*r**2 - 4*r**2 - 3*r**2 - r**3 - 5*r. What is the units digit of k(-15)?
7
Let q = 3414 - 2059. What is the tens digit of q?
5
Let t(l) = l**3 + 5*l**2 + l - 9. Let p be t(-4). Suppose -u + 5*v + 108 = -0*u, -p*v = 9. What is the units digit of u?
3
Let x be (-304)/14 - 3*(-2)/(-21). Let v = 19 + 18. Let c = v + x. What is the units digit of c?
5
Let k(l) = l**2 + 12*l - 10. Let i be k(-13). Let u(y) = 48*y - 16. What is the units digit of u(i)?
8
Let b be (12/(-24))/((-1)/(-2)). What is the tens digit of 3 - (-31 + b + -2)?
3
Let v(x) = -x + 3. Let u be v(-3). Suppose u*z = 13 + 59. What is the units digit of z?
2
Suppose 2*d - 8 = -4*u, 5*d = -u + 66 - 19. Suppose 30 - d = 5*y. Suppose -y*n + 40 = -12. What is the units digit of n?
3
Let l(o) = 419*o**2 + 10*o - 3. What is the hundreds digit of l(1)?
4
Let p(o) = 28*o**2 + 14*o + 13. What is the hundreds digit of p(6)?
1
Suppose 0 = -5*x - 5*b - 15, x + 16 = 3*b + 1. What is the tens digit of (142/x)/(-2*1/18)?
1
Let q(z) = 2*z**3 - z**2 - 3*z + 2. Let h be q(2). Suppose 9*j = -j + 520. Suppose -s + j = h. What is the tens digit of s?
4
Suppose 5*i - 46 = 3*q, -42 = 2*q + 2*i - 6. Let c = q + 33. What is the units digit of c?
6
Let a(j) = -6*j - 12. Let m be a(-5). Let h = m - 12. Let s = h + 24. What is the tens digit of s?
3
Suppose -7*y - 32 = -5*y. Let n be (8/y)/((-1)/6). Suppose n*i - 22 - 17 = 0. What is the units digit of i?
3
Let c(k) = 245*k + 6. What is the thousands digit of c(5)?
1
Let b = -53 + 37. What is the units digit of (-68)/b + (-1)/4?
4
Let p = 15 - -250. Let w = p - 151. What is the hundreds digit of w?
1
Let q(p) = -81*p**3 + p**2 - 1. What is the units digit of q(-1)?
1
Let y be 204/33 - 4/22. Let q(h) = h**3 - 6*h**2 - 4. Let u be q(y). What is the units digit of ((-16)/4)/u - -24?
5
Suppose 4*q - 7 - 105 = 0. What is the tens digit of q + 1/((-4)/(-8))?
3
Suppose 216 + 472 = -2*x. Let c = 524 + x. What is the tens digit of c?
8
Let s = 0 - 0. Suppose s = -2*x + 22 - 4. What is the units digit of (x + -3)*(-6)/(-1)?
6
Let s = 366 - -29. What is the hundreds digit of s?
3
Let r(k) = -k + 16 + 0*k - 12. Suppose 0 = -4*h - 8 - 4. What is the units digit of r(h)?
7
Let a = -11 - -15. Suppose -a*f = 2*g - 8*f + 16, -4*f + 6 = 3*g. What is the units digit of (2 - (-5)/g)*-18?
9
Let a(j) = -2*j + 4. Let l be a(-5). Let n(f) = l*f + 4*f**2 + 17*f - 1 - 35*f. What is the tens digit of n(3)?
2
Suppose -11*q + 4*q + 2933 = 0. What is the tens digit of q?
1
What is the hundreds digit of 6*(-3 - (-1230)/12) - -5?
6
Let i = 112 - 84. What is the units digit of (-1536)/(-14) + 8/i?
0
Let n(r) = r**3 - 6*r**2 + 66. What is the tens digit of n(13)?
4
Let c be (-2)/(-10) + 608/10. Suppose 0 = v + 211 - c. What is the tens digit of 2/3*v/(-4)?
2
Let v(p) be the third derivative of -3/20*p**5 - 1/120*p**6 + p**2 + 0 + 0*p + 0*p**4 + 2/3*p**3. What is the units digit of v(-9)?
4
Suppose 4*x = 4*v - 12308, x = -79 + 78. What is the tens digit of v?
7
Let j = -16 + 16. Suppose -2*w + 59 + 69 = j. What is the tens digit of w?
6
Suppose 2*c - r + 193 = -c, -2*c = 4*r + 138. Let g(z) = -3*z**3 + 2*z**2 + 4*z + 4. Let x be g(-3). Let m = x + c. What is the units digit of m?
6
Let u = -515 + 727. What is the hundreds digit of u?
2
Let j = -32 - 16. What is the tens digit of (-2 + 3)*(1 - j)?
4
Let m(k) = 2*k - 11*k + 7 - 6*k - k. What is the units digit of m(-4)?
1
Let v(i) = -i**2 + 3*i + 11. Let j be v(5). What is the tens digit of 0/j - (-3 - -5)*-42?
8
Let a be ((-36)/30)/((-1)/(-5)). What is the tens digit of 388/(-6)*9/a?
9
Suppose 0 = -15*t + 2392 + 98. What is the hundreds digit of t?
1
Suppose -9*q - 5 = -u - 4*q, 0 = -4*u - 2*q + 64. What is the tens digit of 6*(4 - (-175)/u)?
9
Let p(v) = 2*v**2 - 5*v - 8. Suppose 0 = 2*g + 14 - 4. What is the units digit of p(g)?
7
Suppose 0 = -4*d + 5*d + 196. Let c be ((-18)/(-7))/((-42)/d). Suppose -i + c = -13. What is the units digit of i?
5
Let l = 15 - 9. Suppose 2*h = l*h - 400. What is the tens digit of h?
0
Suppose 4*w = -5*x + 42, -3*x + 21 = 5*w + 1. Suppose 2 = -4*q - x, 2*l - 18 = 2*q. What is the tens digit of -45*(-4)/l + 0?
3
Let g be ((-159)/(-12))/((-2)/(-104)). Suppose -4*r + g = -k + 233, k = -2*r + 234. What is the hundreds digit of r?
1
What is the tens digit of -4 + -2 + 1 - (46 - 744)?
9
Let k(t) = -t**3 + 12*t**2 - 10*t - 9. Suppose j = -2*j + 33. Let i be k(j). What is the units digit of (-3)/((-3 + 1)/i)?
3
Suppose -10*o + 1581 = -1319. Suppose o = 3*v - v. What is the tens digit of v?
4
Suppose 7*c - 381 - 564 = 0. Suppose -5*f + 6*g = 4*g - 21, -5*f + 3*g = -19. Suppose -f*m + 2*m = -c. What is the units digit of m?
5
Let t = 3331 - 2185. What is the tens digit of t?
4
Let g(b) be the third derivative of b**7/2520 - b**6/180 - b**5/24 - b**4/8 - 5*b**2. Let j(n) be the second derivative of g(n). What is the tens digit of j(7)?
1
Suppose -3*a - 6*h + h = -1, 5*h = -5*a + 15. Let o be 2/a + 12/7. Suppose 4 = 2*i + o*i. What is the units digit of i?
1
Let o(i) = 31*i - 9. Let z(y) = -y**3 - 5*y**2 + 2. Let x be z(-5). What is the tens digit of o(x)?
5
Suppose 6*l - 7*l + 717 = 0. What is the tens digit of l?
1
Let d(t) be the third derivative of -5*t**4/24 + 5*t**2. Let h be d(-1). Suppose 5 = h*s - 5. What is the units digit of s?
2
Suppose 3*n - 1785 = 1419. What is the units digit of n?
8
Suppose 0*f = 3*f - 15. Suppose 5*s - 4*x + 3 = 4*s, 117 = -4*s - f*x. Let i = 42 + s. What is the tens digit of i?
1
Let r(f) = -6*f**3 - 13*f**2 - 8*f - 104. What is the thousands digit of r(-10)?
4
Suppose -4*a + 122 = -2*a. Suppose 4*i + 2*d - 410 = -0*d, d = 2*i - 211. Let u = i - a. What is the tens digit of u?
4
Suppose -383 = 15*v - 16*v. What is the tens digit of v?
8
Suppose -785 = -5*q - 5*b, -5*b = -4*b + 2. Let p = 22